30
Calculate the remainder when 4420 is divided by 42.
10
What is the remainder when 276939 is divided by 39?
0
What is the remainder when 35913 is divided by 412?
69
Calculate the remainder when 109065 is divided by 9908.
77
What is the remainder when 1685 is divided by 51?
2
What is the remainder when 12139 is divided by 5?
4
What is the remainder when 62869 is divided by 138?
79
Calculate the remainder when 193155 is divided by 172.
171
Calculate the remainder when 676 is divided by 288.
100
What is the remainder when 11979 is divided by 200?
179
Calculate the remainder when 617755 is divided by 24.
19
What is the remainder when 38373 is divided by 512?
485
What is the remainder when 166779 is divided by 41694?
3
What is the remainder when 41043 is divided by 13681?
0
Calculate the remainder when 2777067 is divided by 1247.
1245
Calculate the remainder when 3326 is divided by 415.
6
What is the remainder when 123973 is divided by 9?
7
Calculate the remainder when 77462 is divided by 428.
422
Calculate the remainder when 23396 is divided by 339.
5
Calculate the remainder when 11643 is divided by 164.
163
What is the remainder when 7770 is divided by 26?
22
Calculate the remainder when 54 is divided by 19.
16
Calculate the remainder when 103582 is divided by 188.
182
Calculate the remainder when 99186 is divided by 14163.
45
Calculate the remainder when 17868 is divided by 158.
14
What is the remainder when 22869 is divided by 67?
22
Calculate the remainder when 10468 is divided by 77.
73
Calculate the remainder when 77101 is divided by 7.
3
Calculate the remainder when 83482 is divided by 59.
56
Calculate the remainder when 6787 is divided by 19.
4
What is the remainder when 913 is divided by 87?
43
What is the remainder when 75364 is divided by 9?
7
Calculate the remainder when 17669 is divided by 175.
169
Calculate the remainder when 55454 is divided by 801.
185
Calculate the remainder when 834 is divided by 803.
31
Calculate the remainder when 41469 is divided by 159.
129
Calculate the remainder when 741287 is divided by 23.
20
What is the remainder when 6190 is divided by 5824?
366
What is the remainder when 141797 is divided by 606?
599
What is the remainder when 76072 is divided by 19016?
8
What is the remainder when 21655 is divided by 318?
31
What is the remainder when 162900 is divided by 122?
30
What is the remainder when 2789 is divided by 2759?
30
Calculate the remainder when 25147 is divided by 1044.
91
What is the remainder when 6093 is divided by 870?
3
Calculate the remainder when 197756 is divided by 20.
16
Calculate the remainder when 159969 is divided by 842.
831
Calculate the remainder when 65524 is divided by 33.
19
Calculate the remainder when 1852 is divided by 64.
60
Calculate the remainder when 13759 is divided by 6873.
13
What is the remainder when 30292 is divided by 27?
25
Calculate the remainder when 5142 is divided by 73.
32
What is the remainder when 11573 is divided by 18?
17
What is the remainder when 8061 is divided by 1043?
760
What is the remainder when 17338 is divided by 1309?
321
Calculate the remainder when 2196 is divided by 368.
356
Calculate the remainder when 334703 is divided by 8.
7
Calculate the remainder when 446572 is divided by 8.
4
Calculate the remainder when 1013 is divided by 446.
121
Calculate the remainder when 14185 is divided by 4704.
73
Calculate the remainder when 460949 is divided by 105.
104
What is the remainder when 1420 is divided by 7?
6
Calculate the remainder when 58505 is divided by 180.
5
Calculate the remainder when 172342 is divided by 334.
332
What is the remainder when 1666 is divided by 150?
16
Calculate the remainder when 102466 is divided by 29.
9
Calculate the remainder when 20605 is divided by 1028.
45
Calculate the remainder when 74778 is divided by 74629.
149
What is the remainder when 4423 is divided by 851?
168
Calculate the remainder when 136120 is divided by 68059.
2
What is the remainder when 8168 is divided by 1606?
138
What is the remainder when 5832 is divided by 361?
56
What is the remainder when 2788 is divided by 126?
16
Calculate the remainder when 1816 is divided by 172.
96
What is the remainder when 26347 is divided by 26314?
33
What is the remainder when 122903 is divided by 523?
521
Calculate the remainder when 5872 is divided by 482.
88
What is the remainder when 41282 is divided by 99?
98
What is the remainder when 18801 is divided by 18791?
10
What is the remainder when 1549 is divided by 119?
2
What is the remainder when 1962634 is divided by 156?
154
What is the remainder when 4735 is divided by 540?
415
What is the remainder when 604757 is divided by 151185?
17
Calculate the remainder when 93164 is divided by 330.
104
Calculate the remainder when 29263 is divided by 271.
266
Calculate the remainder when 62884 is divided by 282.
280
Calculate the remainder when 60014 is divided by 496.
494
What is the remainder when 13288 is divided by 166?
8
Calculate the remainder when 201445 is divided by 389.
332
What is the remainder when 23372 is divided by 531?
8
Calculate the remainder when 2097 is divided by 2048.
49
Calculate the remainder when 83560 is divided by 57.
55
Calculate the remainder when 2363 is divided by 1181.
1
What is the remainder when 3805 is divided by 1231?
112
What is the remainder when 1946 is divided by 507?
425
Calculate the remainder when 2234 is divided by 283.
253
What is the remainder when 4042313 is divided by 18?
17
Calculate the remainder when 23259 is divided by 5.
4
Calculate the remainder when 5719 is divided by 108.
103
What is the remainder when 887136 is divided by 13?
3
What is the remainder when 61903 is divided by 132?
127
Calculate the remainder when 3658 is divided by 3606.
52
Calculate the remainder when 6097 is divided by 1004.
73
Calculate the remainder when 1586800 is divided by 7.
5
What is the remainder when 5914 is divided by 2906?
102
Calculate the remainder when 24987 is divided by 1577.
1332
Calculate the remainder when 4767 is divided by 80.
47
Calculate the remainder when 1175986 is divided by 44.
42
Calculate the remainder when 360 is divided by 173.
14
What is the remainder when 1254 is divided by 576?
102
What is the remainder when 36290 is divided by 9?
2
Calculate the remainder when 249599 is divided by 150.
149
What is the remainder when 151181 is divided by 11?
8
Calculate the remainder when 53622 is divided by 10717.
37
What is the remainder when 512770 is divided by 256371?
28
Calculate the remainder when 2890 is divided by 244.
206
What is the remainder when 185537 is divided by 102?
101
What is the remainder when 181 is divided by 7?
6
What is the remainder when 913 is divided by 685?
228
What is the remainder when 25393 is divided by 565?
533
Calculate the remainder when 1232 is divided by 574.
84
Calculate the remainder when 1952 is divided by 5.
2
What is the remainder when 1327 is divided by 519?
289
Calculate the remainder when 207478 is divided by 456.
454
What is the remainder when 8571 is divided by 60?
51
What is the remainder when 59784 is divided by 808?
800
Calculate the remainder when 103626 is divided by 34535.
21
What is the remainder when 222689 is divided by 65?
64
What is the remainder when 611 is divided by 589?
22
What is the remainder when 1467 is divided by 296?
283
Calculate the remainder when 674637 is divided by 180.
177
What is the remainder when 249075 is divided by 29?
23
What is the remainder when 589 is divided by 169?
82
Calculate the remainder when 42775 is divided by 155.
150
Calculate the remainder when 1972 is divided by 216.
28
Calculate the remainder when 2968 is divided by 496.
488
What is the remainder when 24010 is divided by 152?
146
What is the remainder when 330869 is divided by 13?
6
What is the remainder when 19705 is divided by 4921?
21
Calculate the remainder when 23682 is divided by 7848.
138
What is the remainder when 462 is divided by 218?
26
Calculate the remainder when 465894 is divided by 844.
6
What is the remainder when 5889 is divided by 158?
43
Calculate the remainder when 761771 is divided by 44.
43
Calculate the remainder when 6004 is divided by 333.
10
Calculate the remainder when 803697 is divided by 40.
17
Calculate th